6. Give p(-6).
-36
Let j(b) = 2*b**2 + 46*b + 25. What is j(-23)?
25
Let y(b) = -b**3 + 14*b - 7. Give y(-5).
48
Let m(i) = 16*i + 12. Determine m(0).
12
Let n(c) = c**2 - 7. What is n(-4)?
9
Let i(j) = j**3 + 10*j**2 + 2*j + 14. Calculate i(-10).
-6
Let v(y) = -4*y + 13. Give v(-7).
41
Let t(n) = -3*n**3 - 17*n**2 + 10*n + 15. Give t(-6).
-9
Let n(x) = x**3 - 3*x**2 - 2*x + 2. Calculate n(-2).
-14
Let b(j) = j**3 - 23*j**2 + 23*j - 29. Calculate b(22).
-7
Let m(h) = -h**2 + 6*h + 3. Determine m(6).
3
Let k(j) = 2*j**2 - 3*j + 2. Give k(3).
11
Let r(d) = -d**2 + 2*d + 27. What is r(9)?
-36
Let c(o) = -2*o**3 - 150*o**2 + o + 68. What is c(-75)?
-7
Let h(k) = -k + 3. Determine h(2).
1
Let o(z) = z**3 - 8*z**2 - 11*z + 21. Calculate o(9).
3
Let d(g) = g + 10. What is d(-4)?
6
Let k(y) = 2*y + 14. What is k(-5)?
4
Let q(y) = -4*y - 74. Calculate q(-18).
-2
Let b(i) = i**2 + 12*i - 78. Determine b(-22).
142
Let i(u) = -2*u**3 - 22*u**2 + 23*u - 15. Determine i(-12).
-3
Let n(m) = -m**3 + 3*m**2 + m - 3. Give n(4).
-15
Let a(b) = -3*b - 5. Calculate a(-5).
10
Let k(c) = c**3 - 7*c**2 + 2*c + 8. Determine k(6).
-16
Let n(v) = v**3 - 35*v**2 - 34*v - 87. Calculate n(36).
-15
Let n(j) = -j**3 - 5*j**2 + 3*j + 3. Give n(-6).
21
Let s(p) = p**2 + 10*p. What is s(-8)?
-16
Let w(j) = j**3 + 25*j**2 + 13. Determine w(-25).
13
Let b(u) = -u - 9. Determine b(-15).
6
Let a(l) = l**2 + 14*l - 33. Give a(-15).
-18
Let q(m) = m**3 - 26*m**2 + 28*m - 65. What is q(25)?
10
Let p(c) = -51*c + 22. Give p(1).
-29
Let c(g) = 33*g + 46. Calculate c(-1).
13
Let v(k) = -53*k**2 + 2*k - 2. Determine v(1).
-53
Let k(h) = -h**2 + 9*h + 1. Give k(10).
-9
Let k(v) = -v**3 + 2*v**2 - 3*v + 2. What is k(1)?
0
Let n(z) = -z**2 - 3*z + 14. Determine n(0).
14
Let j(a) = -a**3 - 9*a**2 - 2*a - 12. Calculate j(-9).
6
Let k(j) = -45*j + 9. Determine k(-3).
144
Let b(q) = q**3 + 13*q**2 + 2*q + 4. Calculate b(-13).
-22
Let w(v) = 3*v**3 + 3*v**2 + 3*v + 2. Calculate w(-2).
-16
Let l(q) = q**3 - 16*q**2 + 14*q + 13. Determine l(15).
-2
Let w(n) = -n**3 - 9*n**2 + 10*n + 3. Give w(-10).
3
Let t(z) = -31*z - 5. Calculate t(-2).
57
Let y(c) = 11*c + 35. Give y(0).
35
Let r(d) = -d - 10. Give r(-8).
-2
Let x(b) = 12*b + 1. Calculate x(3).
37
Let p(q) = q**2 - 3*q - 1. Give p(4).
3
Let v(j) = -j**3 + 8*j**2 - 4*j + 7. Determine v(8).
-25
Let z(x) = 2*x**2 - 7*x + 1. Determine z(4).
5
Let l(p) = 5*p**3 - 30*p**2 + 2*p - 1. Determine l(6).
11
Let m(x) = 21*x**3 + x**2 + 4*x - 4. Calculate m(1).
22
Let w(i) = -3*i + 8. Calculate w(-3).
17
Let i(d) = -4*d - 3. Give i(3).
-15
Let n(s) = -3*s**2 - 24*s - 18. Give n(-7).
3
Let d(v) = v**2 - 12*v + 16. Calculate d(10).
-4
Let s(y) = -y**2 - 13*y - 17. Determine s(-12).
-5
Let u(c) = -c**2 - 10*c - 21. Determine u(-8).
-5
Let h(b) = b**3 + 28*b**2 - 65*b - 153. Calculate h(-30).
-3
Let h(p) = p**2 - 24*p + 66. What is h(3)?
3
Let p(s) = -3*s**2 + s - 2. What is p(1)?
-4
Let n(b) = b - 12. What is n(11)?
-1
Let n(h) = -h**2 - 82*h - 1053. Determine n(-66).
3
Let c(d) = -28*d**3 + 4*d + 4. Determine c(-1).
28
Let d(f) = 6*f**3 - 3*f**2 + 3*f - 2. Determine d(1).
4
Let s(m) = -4*m**2 + 4*m + 1. Calculate s(1).
1
Let c(q) = q**3 + q**2 + 7. Determine c(0).
7
Let b(k) = k**3 - 10*k**2 - 12*k + 6. Calculate b(11).
-5
Let i(l) = 13*l**2 - 19*l + 17. Give i(1).
11
Let l(s) = 2*s + 27. What is l(-12)?
3
Let r(u) = -u**3 + 5*u**2 + 2*u - 2. What is r(4)?
22
Let j(h) = 11*h + 36. What is j(-5)?
-19
Let c(m) = -8*m - 19. What is c(8)?
-83
Let o(g) = -g + 13. Determine o(24).
-11
Let j(o) = o**2 + 10*o + 2. Calculate j(-9).
-7
Let w(q) = -q**3 + q - 17. Determine w(0).
-17
Let t(i) = -i**2 - i - 4. Give t(5).
-34
Let b(x) = -18*x + 8. Calculate b(2).
-28
Let z(g) = -2*g + 11. What is z(8)?
-5
Let m(r) = -2*r**3 - 14*r**2 - 3*r - 8. What is m(-7)?
13
Let p(r) = -r**2 + 7*r - 15. Calculate p(8).
-23
Let n(w) = -15*w - 1. Calculate n(-5).
74
Let x(v) = 13*v**2 - 2*v - 1. Calculate x(-1).
14
Let i(h) = h**2 - h - 1. What is i(-3)?
11
Let j(y) = -4*y + 79. Give j(19).
3
Let g(z) = -22*z**2 + 2*z - 1. Determine g(1).
-21
Let i(f) = -f**2 + 21*f - 26. Calculate i(17).
42
Let z(b) = b**3 - 2*b**2 - 4*b + 7. Give z(3).
4
Let u(d) = d**3 - 13*d**2 + 3*d - 43. Determine u(13).
-4
Let u(h) = 5*h - 2. Calculate u(4).
18
Let k(n) = -10*n + 326. Give k(31).
16
Let b(r) = r**3 - 17*r**2 - 16*r - 14. What is b(18)?
22
Let z(t) = 31*t**2 + 2*t + 2. What is z(-1)?
31
Let h(s) = -s**2 + 20*s + 31. Calculate h(18).
67
Let w(s) = -s**3 + 32*s**2 - 60*s + 5. Calculate w(30).
5
Let l(j) = j**2 + 6*j + 3. Give l(-7).
10
Let v(j) = j**3 - 5*j**2 + 5*j + 14. Determine v(6).
80
Let q(d) = d**3 + 15*d**2 + 14*d - 3. Determine q(-14).
-3
Let n(t) = -3*t**2 - 17*t - 10. Determine n(-6).
-16
Let o(q) = q**3 - 9*q**2 - 12*q + 13. What is o(10)?
-7
Let m(n) = -n**3 + 9*n**2 + 16*n - 13. Give m(10).
47
Let q(k) = 6*k - 35. What is q(7)?
7
Let d(n) = -20*n - 219. Determine d(-11).
1
Let h(v) = v**3 + 12*v**2 - 2*v - 31. Determine h(-12).
-7
Let y(m) = m**2 - 11*m + 8. What is y(12)?
20
Let k(j) = j**2 - 16*j + 29. Give k(12).
-19
Let t(p) = -p**3 + 15*p**2 + 17*p - 22. Calculate t(16).
-6
Let s(c) = 8*c - 94. Give s(13).
10
Let y(a) = a**2 - 5*a - 20. Give y(9).
16
Let f(a) = 3*a**2 - 79*a + 98. Determine f(25).
-2
Let h(a) = -2*a**2 - 4*a - 4. What is h(-3)?
-10
Let x(j) = j**2 + 7*j. Calculate x(-5).
-10
Let z(m) = 29*m - 201. What is z(7)?
2
Let o(q) = -q**3 + 7*q**2 + 17*q - 3. Give o(9).
-12
Let t(l) = -l**3 - 19*l**2 - 16*l + 24. What is t(-18)?
-12
Let l(g) = g**3 - 6*g**2 + g - 8. Give l(6).
-2
Let c(j) = 19*j**3 + 4*j**2 - 6*j + 2. What is c(1)?
19
Let b(g) = -g + 12. Determine b(9).
3
Let m(l) = 2*l**3 - 2*l**2 + 16*l - 36. Determine m(3).
48
Let g(q) = -q - 3. What is g(-5)?
2
Let n(z) = -z**2 + 9*z - 36. Determine n(8).
-28
Let u(i) = -3*i**2 + 53*i - 12. Determine u(17).
22
Let a(g) = g**2 - 8*g + 15. Calculate a(11).
48
Let c(v) = 2*v**3 - 22*v**2 + 25*v - 44. Calculate c(10).
6
Let j(s) = -2*s. Calculate j(-1).
2
Let g(k) = -k**3 + 8*k**2 - 7*k + 8. What is g(7)?
8
Let n(a) = a**3 + 12*a**2 - 12*a - 12. Determine n(-13).
-25
Let y(t) = -t**3 - 31*t**2 - 2*t - 58. Determine y(-31).
4
Let g(z) = z**3 + 9*z**2 + 9*z + 20. What is g(-8)?
12
Let k(x) = x**2 - 10*x + 6. Determine k(8).
-10
Let o(g) = 12*g + 3. Calculate o(-1).
-9
Let h(r) = 21*r + 7. What is h(-1)?
-14
Let s(i) = i**2 - 18*i + 52. Determine s(15).
7
Let n(l) = l**2 - 7*l - 2. What is n(7)?
-2
Let q(d) = d**3 - 7*d**2 + 15*d - 21. What is q(6)?
33
Let z(x) = -79*x - 9. What is z(1)?
-88
Let g(a) = 43*a - 684. What is g(16)?
4
Let v(s) = -2*s - 13. Determine v(-10).
7
Let f(j) = -8*j - 8. What is f(-1)?
0
Let k(o) = -o**3 + 4*o**2 + 3*o + 4. Calculate k(4).
16
Let j(u) = -u**2 - 20*u - 60. Give j(-18).
-24
Let d(f) = -f**3 + 12*f**2 - 6*f + 9. Give d(12).
-63
Let v(o) = -o**3 - 10*o**2 - 7*o + 12. Give v(-10).
82
Let j(l) = -l**2 - 15*l - 41. What is j(-14)?
-27
Let n(z) = 22*z - 5. Give n(3).
61
Let b(t) = -t**2 - 5*t + 15. Calculate b(-7).
1
Let q(u) = -u**3 + 5*u**2 + 6*u - 5. Determine q(6).
-5
Let v(x) = 3*x**2 + 4. Calculate v(-4).
52
Let x(m) = -m**3 - m**2 - 2*m - 1. Give x(-3).
23
Let j(q) = -8*q + 4. Give j(8).
-60
Let n(r) = r**3 - 5*r**2 - 16*r + 21. What is n(7)?
7
Let f(i) = 2*i**3 + i**2 - 5*i + 1. What is f(3)?
49
Let v(h) = 17*h - 33. Calculate v(2).
1
Let b(k) = -k**3 - 5*k**2 - 4*k + 3. Calculate b(-5).
23
Let v(l) = 2*l**3 + l**2 - 2*l - 1. Determine v(3).
56
Let j(m) = -m**2 + 133*m - 516. What is j(4)?
0
Let w(t) = -9*t**2 + 19*t + 18. Determine w(-1).
-10
Let j(z) = 2*z - 18. Calculate j(5).
-8
Let c(i) = 2*i**2 - 5*i + 1. What is c(6)?
43
Let g(l) = -l - 3. Determine g(-2).
-1
Let i(u) = u**3 + 14*u**2 + 36*u + 5. Calculate i(-11).
-28
Let h(j) = -8*j - 131. What is h(-27)?
85
Let k(g) = 2*g**2 - 4*g + 5. Determine k(2).
5
Let b(t) = 2*t**2 + t. Determine b(1).
3
Let m(x) = -30*x + 12. Calculate m(-2).
72
Let k(j) = -4*j**3 + 3*j**2 - 5*j + 6. Give k(2).
-24
Let g(b) = -6*b + 73. What is g(18)?
-35
Let i(h) = -h**2 - 3*h - 6. Determine i(-4).
-10
Let a(t) = -4*t**2 - 68*t + 75. Give a(-18).
3
Let j(n) = -6*n - 216. Calculate j(-34).
-12
Let v(l) = -3*l**2 - 3*l + 4. Determine v(2).
-14
Let b(l) 